*i**4/12 - 10*i**3/3 + 22*i**2. What is the remainder when 21 is divided by m(-16)?
9
Suppose -2*h + 710 = 3*h. Suppose 2*w = -4*t + 110, -3*t - 2*t - w + h = 0. Calculate the remainder when 230 is divided by t.
27
Let u(z) = -z - 8. Let a be u(-8). Suppose 2*j - 3*j + 3 = a, 4*j - 18 = -c. Calculate the remainder when 11 is divided by c.
5
Let g(f) = 444*f + 293. What is the remainder when g(4) is divided by 115?
114
Let x(q) = 14*q. Let y be x(2). Suppose -y = -8*p + 4*p. Suppose 0 = f + 2*s - p, 2*f + s = 3*s + 32. Calculate the remainder when 23 is divided by f.
10
Let j(c) = -c + 37. Calculate the remainder when j(18) is divided by (-10 - 0)/(5/(-5)).
9
Let n = 3 - -9. Let m(u) = -2*u**2 + 51*u - 38. Calculate the remainder when m(24) is divided by n.
10
What is the remainder when (-7)/14*2 - -368 is divided by 78?
55
What is the remainder when 67 + 14 + (-4 - -2) is divided by 48?
31
Suppose 11*c = 6*c + 10. What is the remainder when (1 + 0)*(c - (2 + -28)) is divided by 15?
13
Let y(h) = -h - 11. Let g be y(-8). Let o be 0/((-12)/g + -6). Suppose o = -x - 5*n + 30, -6*n + 4*n - 16 = -x. What is the remainder when 59 is divided by x?
19
Let c = 29 - 40. Let u = 15 + c. Suppose 0 = -u*y - x + 32, 5*y - 20 - 5 = -5*x. What is the remainder when 24 is divided by y?
6
Let h(o) = 5 + 3 + 4*o - 24. What is the remainder when h(7) is divided by 7?
5
Let r(m) = -44*m + 14. Let w be r(-2). Suppose -w = -0*t - 6*t. Calculate the remainder when 254 is divided by t.
16
Let y(u) = 12*u + 18. Let i be y(6). Let g be (-15)/i + 242/12. Let l = g - 14. Calculate the remainder when l is divided by 3.
0
Let t(w) = -5*w**2 - 294*w + 45. Calculate the remainder when t(-54) is divided by 96.
93
Suppose 4*k + 5*l = 35, -k + 3*l = k - 23. What is the remainder when 1008 is divided by k?
8
Let l(y) = -2*y**2 - 29*y - 19. Suppose 2*v + 160 = 4*h, 4*h - 6*h + 2*v = -84. What is the remainder when h is divided by l(-13)?
18
Suppose 9 = -3*f, 5*d + 2*f + 13 = -3. Let h = 49 + -19. Calculate the remainder when 529/9 + d/(-9) is divided by h.
29
Let c = -101 + 123. What is the remainder when 92 is divided by c?
4
Let z(v) = 5*v - 14. Let d be (-2 + 3)/((-2)/(-4)). Let p = d - -2. Calculate the remainder when z(p) is divided by 2.
0
Let n = 209 - 156. Calculate the remainder when 67 is divided by n.
14
Let n = -44 + 49. Suppose -f + 91 = 3*f + p, -2*f - n*p + 41 = 0. What is the remainder when f is divided by 6?
5
Suppose -p = -0*p. Suppose -4*c = -p - 16. Suppose -c*a = -0*a - 64. Calculate the remainder when 31 is divided by a.
15
Suppose 5*y = -5, 4*w = y - 19 + 60. Let o(j) = -9*j**3 + 10*j**3 - w*j**2 - 2 + 13*j - 3. Calculate the remainder when o(9) is divided by 11.
9
Calculate the remainder when ((-882)/56)/((-1)/4) is divided by 8.
7
Suppose -2*q + 3*y = -997, 15 - 3 = -4*y. Calculate the remainder when q is divided by 71.
68
Let b(d) be the second derivative of d**4/12 + 5*d**3/6 - 8*d**2 - 2*d. Calculate the remainder when 45 is divided by b(-8).
5
Let m(a) = -478*a + 485*a - 6 + a**2 - 4. What is the remainder when 166 is divided by m(-9)?
6
Suppose -3*w + b = 6*b + 45, 0 = -5*w + 5*b - 75. What is the remainder when (w/(-4))/((-3)/(-24)) is divided by 16?
14
Let k = -6 + 42. Suppose 3*t + k = 6*t. What is the remainder when (t/18)/(1/87) is divided by 12?
10
Let v(z) be the third derivative of -z**5/60 + z**4/3 - 2*z**3/3 - z**2. Let w be v(7). Let l = 6 + w. Calculate the remainder when 43 is divided by l.
7
Let u be 24/14 + (-2)/(-7). Let m be 6 + -8 + 3*(-72)/(-4). Suppose 0 = -2*n - u*n + m. Calculate the remainder when 49 is divided by n.
10
Calculate the remainder when 77 is divided by ((-13)/(-2) + -6)/(1/84).
35
Let v(p) = -p**3 - 4*p**2 - 3*p - 5. Let o be v(-6). Let q = -65 + o. Calculate the remainder when 59 is divided by q.
19
Calculate the remainder when 9 is divided by 208/32 - 3/2.
4
Suppose 13 = u - 5*k - 29, 2*k = -4*u + 58. Let q = -6 + 37. What is the remainder when q is divided by u?
14
Let y = -13 + 10. Let v = y - -11. Calculate the remainder when v is divided by (-1)/(-2)*(-12)/(-2).
2
Let k(x) = 3*x - 3. Let l be k(5). Calculate the remainder when (-2110)/(-110) - 5/((-110)/(-4)) is divided by l*6/9 - -2.
9
Suppose 4 = -3*a - a. Let k(d) = -15*d**3 - d**2. What is the remainder when 26 is divided by k(a)?
12
Suppose 53*t - 4101 = 457. Calculate the remainder when t is divided by 25.
11
Suppose 2796*n = 2801*n - 290. Calculate the remainder when 357 is divided by n.
9
Let r be 8/(-14) - 288/(-63). Suppose -r*y = -3*k - 228, -2*k + 228 = 4*y - k. What is the remainder when y is divided by 15?
12
Let q = 144 - 139. Let x(y) = -8*y + 6. Let z be x(-5). Suppose 3*i - k - z = 0, 2*i - 5*k - 43 = -2*i. What is the remainder when i is divided by q?
2
Suppose 147 = 3*b - 33. Let q = -17 - -10. Calculate the remainder when b is divided by q/((6/(-2))/9).
18
Suppose -t + 188 + 774 = 3*w, 2*w - 658 = -4*t. Calculate the remainder when w is divided by 20.
19
Let r(x) be the first derivative of 7*x**2/2 - 12*x - 4. Let t be r(8). Calculate the remainder when 42 is divided by (6/(-12))/((-1)/t).
20
Calculate the remainder when 507 + (10 - 9) + (0 - 2) is divided by 16.
10
Let l(f) = 26*f**2 - 7*f + 6. Suppose 3*u + 0*u + 89 = 4*y, -5*y + 2*u = -120. Let x = -12 + y. Calculate the remainder when l(1) is divided by x.
11
Calculate the remainder when 95 is divided by (12 + 1)/((-68)/(-8) - 8).
17
What is the remainder when 95 is divided by ((-64)/(-36))/(14/63)?
7
Suppose 0 = -2*m + 3*m + 3. Let y be (-4 - 8/(-3))*m. Suppose w - 2 = 0, -3*w = -y*t + 9*t - 11. What is the remainder when t is divided by 1?
0
Suppose 0 = 15*k - 20*k. Suppose -n + 57 - 15 = k. Calculate the remainder when n is divided by 11.
9
Suppose 7*o = -27 - 43. Let f(q) = -q**2 - 16*q - 17. What is the remainder when f(o) is divided by 15?
13
Suppose 4*l = b + 121, -13*l + 5*b = -8*l - 140. Calculate the remainder when 151 is divided by l.
27
Let l(b) = -11*b + 125. What is the remainder when l(8) is divided by 14?
9
Suppose -8*o + 3*o = -235. What is the remainder when o is divided by 14?
5
Let p = 36 - 21. Let x = 40 - 48. Let n = p + x. Calculate the remainder when n is divided by 4.
3
Suppose -4*p + 5*u = 191 - 32, -3*u - 3 = 0. Let t = p - -67. Suppose -2*y + 3*y - 9 = 0. What is the remainder when t is divided by y?
8
Let a = -14 - -17. Suppose 63 = h + 2*h - a*f, -3*h + 23 = 5*f. Calculate the remainder when -2 + 49 + (1 - 1) is divided by h.
15
Let r = -137 + 160. What is the remainder when 68 is divided by r?
22
Suppose u + 0*f - 4*f + 12 = 0, 5*u - f = -3. Let g be (4 + 1)/(u + 1). Suppose -g*q = -68 - 122. What is the remainder when q is divided by 10?
8
Let w = -2 + 45. Let x = 273 - w. What is the remainder when 25 is divided by (-60)/160 - x/(-16)?
11
Suppose 102 = 26*x - 80. Calculate the remainder when 24 is divided by x.
3
Let y = -14 + 43. Let k = 15990 + -15879. Calculate the remainder when k is divided by y.
24
Let w be 10/(-35) + (-752)/14. Let o = 82 + w. Calculate the remainder when o is divided by 8.
4
Suppose 29*j = 34*j - o - 126, -j - 5*o = -46. What is the remainder when 207 is divided by j?
25
Let o = -381 + 472. What is the remainder when o is divided by 18?
1
What is the remainder when 767 is divided by (-84)/9*1/((-2)/15)?
67
What is the remainder when ((-45)/36)/(-5 - (-4095)/820) is divided by 48?
13
Let j = 42 - -34. Let y = -52 + j. Calculate the remainder when 143 is divided by y.
23
Let w = -77 + 305. Suppose 3*v + 8*b - 3*b + 253 = 0, -2*v - 202 = -5*b. Let z = w + v. What is the remainder when z is divided by 35?
32
Let w = 64 - 39. Suppose 0 = 5*t - 0 - w. Suppose 2*m + 48 = 4*m - t*j, 4*m + 5*j - 66 = 0. What is the remainder when 92 is divided by m?
16
Suppose j + 3*j = 56. Let u(s) = s + 11. Let p be u(-9). Suppose 4 = -p*a, -3*f = -5*f - a + 52. Calculate the remainder when f is divided by j.
13
Let q(f) = -f**2 - 21*f + 10. What is the remainder when 119 is divided by q(-21)?
9
Let y(k) = 8*k - 36. Let s be y(-6). Let p = s + 116. What is the remainder when 191 is divided by p?
31
Suppose 4*c = -x - 49 + 149, 4*c = 3*x - 252. Suppose 0 = 8*d - x - 248. Calculate the remainder when 125 is divided by d.
41
Let q = 36 + 94. Suppose 